43
In base 6, what is -254545 - -31413?
-223132
In base 10, what is 113967979 + 2?
113967981
In base 4, what is 132002000 - -21320?
132023320
In base 8, what is -20776622 + -125?
-20776747
In base 5, what is -2 + -2443112341?
-2443112343
In base 3, what is -102020000202200 + 2?
-102020000202121
In base 8, what is 14133 - -467?
14622
In base 3, what is -11001111012 - -22001122?
-10202102120
In base 4, what is -12 - -1012001301323?
1012001301311
In base 15, what is -25e - -8be?
660
In base 4, what is -3 + -1222033?
-1222102
In base 9, what is 323 - -58150?
58473
In base 2, what is -110010101010000010011 - -1010?
-110010101010000001001
In base 6, what is 2 - 144055242?
-144055240
In base 13, what is 1 - 29c07b9?
-29c07b8
In base 13, what is -9 + -381672?
-38167b
In base 12, what is -19a9b8 + 67?
-19a951
In base 15, what is -3d80565 - -3?
-3d80562
In base 11, what is -10 + -8735245?
-8735255
In base 3, what is -2 - 100002000200000?
-100002000200002
In base 14, what is -4b + 684bb?
68470
In base 2, what is 11 + 10110000100101010110000?
10110000100101010110011
In base 7, what is 541543432 - 0?
541543432
In base 11, what is 12 - 287905?
-2878a3
In base 15, what is 286 + -46c84?
-469ed
In base 6, what is 30314011 - -11?
30314022
In base 16, what is 3 + 7e761?
7e764
In base 10, what is -25035037 - 25?
-25035062
In base 4, what is 31100 - -201030?
232130
In base 10, what is 1674 + -3791?
-2117
In base 8, what is -131020533 - 2?
-131020535
In base 15, what is 28c77a + -75?
28c705
In base 5, what is 3 + 1404022210?
1404022213
In base 9, what is -41781 + 140?
-41641
In base 15, what is -6 - 20e1e3?
-20e1e9
In base 12, what is 4 + -1308608?
-1308604
In base 16, what is 4eed715 + -7?
4eed70e
In base 6, what is -12205 - -1402?
-10403
In base 8, what is 5 - 14377733?
-14377726
In base 12, what is b64922 + 7?
b64929
In base 11, what is -70 + 69651?
69591
In base 11, what is -3 - -1826558?
1826555
In base 16, what is c + -5312cbf?
-5312cb3
In base 2, what is 1000101111111 + -111011111?
111110100000
In base 11, what is 6944459 + -5?
6944454
In base 8, what is -437 + 5674506?
5674047
In base 13, what is -5 + -8704739?
-8704741
In base 9, what is -5 + -3643356?
-3643362
In base 11, what is -3435512 + -17?
-3435529
In base 12, what is 2a26 - -797b7?
80621
In base 7, what is -5253 - 105066?
-113352
In base 13, what is 7295b + -22?
72939
In base 4, what is 21 - -2121023201003?
2121023201030
In base 15, what is 12 + -6624?
-6612
In base 5, what is 2024324220122 - 4?
2024324220113
In base 4, what is 101 + -23001301022?
-23001300321
In base 3, what is 121022122201221 + -1?
121022122201220
In base 2, what is 11 - 1111100101111101100110?
-1111100101111101100011
In base 2, what is -101100001100 - -1010011111?
-100001101101
In base 13, what is 10779 - 249?
10530
In base 3, what is 1111111020001101121 + 2?
1111111020001101200
In base 11, what is 27 - 2951458?
-2951431
In base 2, what is 10111010101011 + 1000111?
10111011110010
In base 9, what is 206601 - -734?
207435
In base 2, what is 100111110001001100010011 - 1000?
100111110001001100001011
In base 4, what is 3 - -12332221313312?
12332221313321
In base 15, what is 20a86665 - 0?
20a86665
In base 14, what is -3b0 - 3c53?
-4223
In base 11, what is 4697 + -8a?
4608
In base 2, what is -1110110 + 111100010100110?
111100000110000
In base 14, what is -107d5d + -49?
-107da8
In base 12, what is -63b12825 - -4?
-63b12821
In base 2, what is -1101000010 - -10000101111011101110?
10000101101110101100
In base 3, what is -10220210122002200 + -12?
-10220210122002212
In base 15, what is 303c37 + 5?
303c3c
In base 11, what is -84103 - -380?
-83833
In base 6, what is -51543 - 113?
-52100
In base 12, what is -33 + 312831?
3127ba
In base 15, what is 7cba3aa - -4?
7cba3ae
In base 2, what is -111 - 1011110000011110000101?
-1011110000011110001100
In base 10, what is 5656 - 7454?
-1798
In base 13, what is 1 - 198519b?
-198519a
In base 8, what is 115163247 - -6?
115163255
In base 2, what is 110 - 100111110010000111001010?
-100111110010000111000100
In base 4, what is 203332 + -211312112?
-211102120
In base 15, what is 5db173 - 83?
5db0e0
In base 10, what is -372646 - -71?
-372575
In base 6, what is -25301243332 - 5?
-25301243341
In base 2, what is -1001100010101110011100000 - -100?
-1001100010101110011011100
In base 13, what is 1 - 279229?
-279228
In base 9, what is -3835354 - -4?
-3835350
In base 3, what is 11112111220201021200 - 10?
11112111220201021120
In base 6, what is 13213022 + -121?
13212501
In base 5, what is -122423022 + 210?
-122422312
In base 16, what is -c585f + a?
-c5855
In base 12, what is 2b1707 + 1a?
2b1725
In base 10, what is -3 - 12084449?
-12084452
In base 10, what is 1044 - -11771?
12815
In base 3, what is -1002210 - 11110010121?
-11111020101
In base 16, what is c47d + 30?
c4ad
In base 2, what is 11000011010 + -10010000000000001?
-10001100111100111
In base 10, what is 2 + -2707272?
-2707270
In base 11, what is -606 + a775?
a16a
In base 11, what is -9438a678 - 5?
-9438a682
In base 16, what is bc2b6c - -2?
bc2b6e
In base 9, what is 2104 - 1666?
327
In base 12, what is -a804 + 6497?
-4329
In base 4, what is -320032332 - 12?
-320033010
In base 5, what is -120 + -1224203111?
-1224203231
In base 12, what is -227617a + -9?
-2276187
In base 14, what is -1194 - 2399?
-354d
In base 11, what is 8844312 - 2?
8844310
In base 8, what is -132005 + -6?
-132013
In base 11, what is -77 - -4aa76?
4a9aa
In base 8, what is 43735420 + 2?
43735422
In base 3, what is 21121 + -11111102?
-11012211
In base 12, what is -2b9 + -2a231?
-2a52a
In base 5, what is 10 - 2130424?
-2130414
In base 10, what is -1401 + 2165?
764
In base 7, what is 166 + -13634245?
-13634046
In base 7, what is 2 - 20664524?
-20664522
In base 16, what is -b + 2d9b401?
2d9b3f6
In base 3, what is 1 - -122000112001?
122000112002
In base 4, what is -10022133203 + 21021?
-10022112122
In base 9, what is 340201406 + -2?
340201404
In base 16, what is -4 + 16fbb66?
16fbb62
In base 2, what is -1001 + 1111011011011?
1111011010010
In base 9, what is -686685 - -120?
-686565
In base 5, what is -30240 + -3014000?
-3044240
In base 15, what is 1 + -b6d958?
-b6d957
In base 9, what is 65580553 - 1?
65580552
In base 13, what is -4a5bb0c - 0?
-4a5bb0c
In base 11, what is -55387324 + 0?
-55387324
In base 12, what is -86b + 70b8?
6449
In base 15, what is -10 - -2ca051?
2ca041
In base 4, what is -21112 + 213303121?
213222003
In base 14, what is -98 + -d77?
-1031
In base 4, what is -1 - -21121300311?
21121300310
In base 6, what is 1 + 13250340134?
13250340135
In base 3, what is 2021121221201210 - -12?
2021121221201222
In base 9, what is 20527837 - 1?
20527836
In base 14, what is 4 - -28258b5a?
28258b60
In base 10, what is -2 + 71038096?
71038094
In base 2, what is 1100 + 1111101011101101011101?
1111101011101101101001
In base 9, what is -122 - 2017437?
-2017560
In base 16, what is 4cfff + -486?
4cb79
In base 7, what is -3 + 132340540?
132340534
In base 15, what is -9404 - -b7a?
-8779
In base 2, what is -10000011110010100011101 + -100?
-10000011110010100100001
In base 9, what is 264 + 1786808?
1787173
In base 5, what is -30104320 + 1043?
-30103222
In base 10, what is 1029 - 3801?
-2772
In base 10, what is 418044 + 10?
418054
In base 12, what is -122 + -4562b?
-45751
In base 12, what is -57baa + 90?
-57b1a
In base 9, what is -12776040 - -7?
-12776032
In base 11, what is 9880a181 + -5?
9880a177
In base 8, what is 24 + -1461124?
-1461100
In base 15, what is -5 - -b953b?
b9536
In base 13, what is -313b90 + -12?
-313ba2
In base 14, what is 3 + 3011d0?
3011d3
In base 3, what is -1111 - 2211120122100?
-2211120200211
In base 2, what is 10100101011 + 11110000101110?
100000101011001
In base 12, what is a20 - -2a5b?
387b
In base 4, what is 111210223013133 - 0?
111210223013133
In base 4, what is 10 + -1033330121?
-1033330111
In base 14, what is -1c3136 + -61?
-1c3197
In base 12, what is -13515 + -39?
-13552
In base 3, what is 2100 + 22111100220?
22111110020
In base 16, what is 6414 + a56?
6e6a
In base 9, what is -285257 + -32?
-285300
In base 14, what is -117b9 - -591?
-11228
In base 15, what is a7c51 - 27?
a7c29
In base 13, what is -a0c5 + -13ca?
-b4c2
In base 3, what is 11112 + -120122012120?
-120122001001
In base 13, 